ided by 67?
64
What is the remainder when 209473 is divided by 735?
733
Calculate the remainder when 239749 is divided by 23.
20
Calculate the remainder when 78659 is divided by 8.
3
What is the remainder when 673227 is divided by 188?
187
Calculate the remainder when 1311783 is divided by 718.
715
What is the remainder when 130242 is divided by 50?
42
Calculate the remainder when 38524 is divided by 7701.
19
What is the remainder when 539 is divided by 531?
8
Calculate the remainder when 370 is divided by 52.
6
Calculate the remainder when 4822 is divided by 98.
20
What is the remainder when 10348 is divided by 2585?
8
Calculate the remainder when 187749 is divided by 250.
249
Calculate the remainder when 4726 is divided by 32.
22
Calculate the remainder when 1393 is divided by 423.
124
What is the remainder when 86108 is divided by 48?
44
What is the remainder when 19020 is divided by 28?
8
Calculate the remainder when 845 is divided by 233.
146
Calculate the remainder when 18405 is divided by 6105.
90
Calculate the remainder when 21885 is divided by 121.
105
What is the remainder when 2310 is divided by 1751?
559
What is the remainder when 108226 is divided by 332?
326
Calculate the remainder when 5078 is divided by 42.
38
Calculate the remainder when 1234975 is divided by 8.
7
What is the remainder when 14302 is divided by 714?
22
What is the remainder when 56039 is divided by 154?
137
Calculate the remainder when 616028 is divided by 276.
272
Calculate the remainder when 12858 is divided by 338.
14
What is the remainder when 398908 is divided by 95?
3
What is the remainder when 1376453 is divided by 8?
5
What is the remainder when 85504 is divided by 1402?
1384
Calculate the remainder when 409501 is divided by 131.
126
Calculate the remainder when 13731 is divided by 29.
14
Calculate the remainder when 20063 is divided by 16.
15
Calculate the remainder when 30155 is divided by 7536.
11
What is the remainder when 1678 is divided by 225?
103
Calculate the remainder when 17953 is divided by 897.
13
Calculate the remainder when 3236 is divided by 809.
0
Calculate the remainder when 523 is divided by 497.
26
Calculate the remainder when 638 is divided by 45.
8
Calculate the remainder when 129833 is divided by 339.
335
Calculate the remainder when 4074 is divided by 255.
249
Calculate the remainder when 9405 is divided by 1338.
39
Calculate the remainder when 116052 is divided by 919.
258
Calculate the remainder when 71987 is divided by 338.
331
Calculate the remainder when 5771 is divided by 642.
635
What is the remainder when 2520 is divided by 274?
54
What is the remainder when 816 is divided by 398?
20
Calculate the remainder when 79726 is divided by 938.
934
What is the remainder when 52877 is divided by 137?
132
Calculate the remainder when 563 is divided by 163.
74
What is the remainder when 8603 is divided by 3782?
1039
What is the remainder when 44810 is divided by 44761?
49
What is the remainder when 221087 is divided by 784?
783
What is the remainder when 1328 is divided by 332?
0
Calculate the remainder when 109626 is divided by 36.
6
Calculate the remainder when 516842 is divided by 9.
8
Calculate the remainder when 958 is divided by 115.
38
Calculate the remainder when 1076 is divided by 81.
23
What is the remainder when 12244 is divided by 9?
4
Calculate the remainder when 140335 is divided by 7795.
25
What is the remainder when 23746 is divided by 11?
8
Calculate the remainder when 128234 is divided by 153.
20
What is the remainder when 85391 is divided by 23?
15
What is the remainder when 86884 is divided by 54?
52
Calculate the remainder when 79589 is divided by 39776.
37
Calculate the remainder when 1223628 is divided by 124.
120
Calculate the remainder when 743 is divided by 73.
13
What is the remainder when 5062 is divided by 696?
190
Calculate the remainder when 18598 is divided by 18581.
17
Calculate the remainder when 1755 is divided by 603.
549
What is the remainder when 26501 is divided by 284?
89
What is the remainder when 10432 is divided by 29?
21
Calculate the remainder when 73396 is divided by 6.
4
What is the remainder when 4858 is divided by 11?
7
What is the remainder when 13488 is divided by 131?
126
Calculate the remainder when 10781 is divided by 14.
1
What is the remainder when 248126 is divided by 32?
30
Calculate the remainder when 1093595 is divided by 7.
6
What is the remainder when 8915 is divided by 2961?
32
What is the remainder when 382649 is divided by 8696?
25
Calculate the remainder when 13011 is divided by 3175.
311
What is the remainder when 157508 is divided by 2461?
4
What is the remainder when 2252 is divided by 50?
2
What is the remainder when 65956 is divided by 1267?
72
Calculate the remainder when 375100 is divided by 458.
456
Calculate the remainder when 3066 is divided by 1507.
52
What is the remainder when 152579 is divided by 978?
11
Calculate the remainder when 22406 is divided by 11.
10
Calculate the remainder when 3795 is divided by 513.
204
What is the remainder when 143743 is divided by 47900?
43
Calculate the remainder when 252143 is divided by 15.
8
What is the remainder when 621515 is divided by 11952?
11
Calculate the remainder when 552679 is divided by 82.
81
What is the remainder when 300268 is divided by 8?
4
Calculate the remainder when 44870 is divided by 22421.
28
Calculate the remainder when 2510 is divided by 132.
2
Calculate the remainder when 1538 is divided by 743.
52
Calculate the remainder when 6072 is divided by 653.
195
What is the remainder when 1999088 is divided by 384?
368
What is the remainder when 16469 is divided by 5465?
74
What is the remainder when 3361 is divided by 26?
7
What is the remainder when 9702 is divided by 8907?
795
Calculate the remainder when 2328 is divided by 403.
313
Calculate the remainder when 19939 is divided by 3987.
4
What is the remainder when 4456 is divided by 48?
40
Calculate the remainder when 3472 is divided by 115.
22
Calculate the remainder when 42908 is divided by 5363.
4
What is the remainder when 1334491 is divided by 14?
11
Calculate the remainder when 719 is divided by 149.
123
Calculate the remainder when 4100 is divided by 771.
245
What is the remainder when 2092 is divided by 10?
2
Calculate the remainder when 7635 is divided by 206.
13
What is the remainder when 135407 is divided by 89?
38
Calculate the remainder when 56717 is divided by 2184.
2117
Calculate the remainder when 532 is divided by 1.
0
What is the remainder when 276860 is divided by 48?
44
Calculate the remainder when 179737 is divided by 328.
321
What is the remainder when 74017 is divided by 78?
73
What is the remainder when 1782 is divided by 49?
18
What is the remainder when 31752 is divided by 1337?
1001
What is the remainder when 13128 is divided by 28?
24
Calculate the remainder when 14791 is divided by 381.
313
What is the remainder when 48986 is divided by 9764?
166
Calculate the remainder when 30242 is divided by 30094.
148
What is the remainder when 1104 is divided by 76?
40
What is the remainder when 2609 is divided by 2457?
152
What is the remainder when 103078 is divided by 226?
22
Calculate the remainder when 1765 is divided by 1703.
62
What is the remainder when 401863 is divided by 2912?
7
What is the remainder when 14977 is divided by 459?
289
What is the remainder when 227474 is divided by 17?
14
Calculate the remainder when 144031 is divided by 655.
586
Calculate the remainder when 5265 is divided by 21.
15
What is the remainder when 1749 is divided by 290?
9
What is the remainder when 5964 is divided by 31?
12
What is the remainder when 828 is divided by 14?
2
Calculate the remainder when 58913 is divided by 9817.
11
Calculate the remainder when 5597 is divided by 916.
101
Calculate the remainder when 428 is divided by 366.
62
Calculate the remainder when 32909 is divided by 32828.
81
What is the remainder when 62636 is divided by 360?
356
What is the remainder when 57768 is divided by 109?
107
What is the remainder when 1685 is divided by 95?
70
What is the remainder when 2198 is divided by 2161?
37
Calculate the remainder when 13579 is divided by 234.
7
What is the remainder when 20973 is divided by 636?
621
What is the 